{"id":70,"date":"2020-12-30T18:24:20","date_gmt":"2020-12-30T18:24:20","guid":{"rendered":"https:\/\/heribert-bruegger.ch\/?page_id=70"},"modified":"2024-10-01T11:57:51","modified_gmt":"2024-10-01T11:57:51","slug":"biografie","status":"publish","type":"page","link":"https:\/\/heribert-bruegger.ch\/index.php\/biografie\/","title":{"rendered":"Biografie"},"content":{"rendered":"\n<p>Seit ich denken konnte, male oder zeichne ich. Fr\u00fcher war ein weisses Blatt Papier f\u00fcr mich etwas sehr Kostbares, weil etwas Seltenes. Leider f\u00fcllte ich es innert k\u00fcrzester Zeit mit meinen Fantasiem\u00e4nnchen, Tieren usw\u2026 und das leere Blatt war weg.<\/p>\n\n\n\n<p>Ab der ersten Klasse war Zeichnen mein Lieblingsfach.  Ich brauchte mir nur etwas vorzustellen und schon  wurde es auf dem Blatt festgehalten. Ich muss schon ziemlich gut gewesen sein, denn die meisten Lehrer fragten mich, ob sie die Zeichnung als Beispiel behalten d\u00fcrfen.   F\u00fcr einige schm\u00fcckte ich w\u00e4hrend den Schulstunden ihre Arbeitsbl\u00e4tter mit Zeichnungen aus usw.. Das t\u00f6nt jetzt vielleicht \u00fcberheblich, aber f\u00fcr mich war zeichnen das normalste der Welt und jeder kann doch zeichnen. Sp\u00e4ter merkte ich, dass ich doch vielleicht talentierter als Andere bin.<\/p>\n\n\n\n<p>Einmal fragten mich meine Eltern, was ich eigentlich werden wolle. Ich sagte Ihnen ganz sch\u00fcchtern, am liebsten w\u00fcrde ich eine Kunstschule besuchen. Darauf antworteten Sie, von was ich den leben wolle\u2026 So war das Thema f\u00fcr mich vorerst gestorben und ich w\u00e4hlte den Beruf meines Vaters. \u00dcbrigens ist es vorteilhaft als K\u00e4ser kreativ zu sein.<\/p>\n\n\n\n<p>Ganz begraben konnte und wollte ich das Thema Kunst nicht. Ich wusste, dass ich irgendwann sp\u00e4ter, mich intensiv damit besch\u00e4ftigen werde. Ich weiss nicht mehr wann das war, aber irgendwann sah ich eine Ausstellung von Van Gogh. Ich stand vor diesen Bildern und sp\u00fcrte die Kraft, die von Ihnen ausging. Ich realisierte, dass die Energie vom Maler in die Bilder \u00fcbergegangen war.<\/p>\n\n\n\n<p>Ich male, weil ich malen muss. Ich kann es nicht erkl\u00e4ren, aber beim Malen verliere ich mich, die Zeit bleibt stehen und es fliesst wie von selbst. So sind schon viele Bilder entstanden und ich freue mich meine Werke ausstellen zu d\u00fcrfen.<\/p>\n\n\n\n<p><\/p>\n","protected":false},"excerpt":{"rendered":"<p>Seit ich denken konnte, male oder zeichne ich. Fr\u00fcher war ein weisses Blatt Papier f\u00fcr mich etwas sehr Kostbares, weil [&hellip;]<\/p>\n","protected":false},"author":2,"featured_media":0,"parent":0,"menu_order":0,"comment_status":"closed","ping_status":"closed","template":"","meta":{"site-sidebar-layout":"default","site-content-layout":"","ast-site-content-layout":"default","site-content-style":"default","site-sidebar-style":"default","ast-global-header-display":"","ast-banner-title-visibility":"","ast-main-header-display":"","ast-hfb-above-header-display":"","ast-hfb-below-header-display":"","ast-hfb-mobile-header-display":"","site-post-title":"","ast-breadcrumbs-content":"","ast-featured-img":"","footer-sml-layout":"","theme-transparent-header-meta":"","adv-header-id-meta":"","stick-header-meta":"","header-above-stick-meta":"","header-main-stick-meta":"","header-below-stick-meta":"","astra-migrate-meta-layouts":"default","ast-page-background-enabled":"default","ast-page-background-meta":{"desktop":{"background-color":"var(--ast-global-color-5)","background-image":"","background-repeat":"repeat","background-position":"center center","background-size":"auto","background-attachment":"scroll","background-type":"","background-media":"","overlay-type":"","overlay-color":"","overlay-opacity":"","overlay-gradient":""},"tablet":{"background-color":"","background-image":"","background-repeat":"repeat","background-position":"center center","background-size":"auto","background-attachment":"scroll","background-type":"","background-media":"","overlay-type":"","overlay-color":"","overlay-opacity":"","overlay-gradient":""},"mobile":{"background-color":"","background-image":"","background-repeat":"repeat","background-position":"center center","background-size":"auto","background-attachment":"scroll","background-type":"","background-media":"","overlay-type":"","overlay-color":"","overlay-opacity":"","overlay-gradient":""}},"ast-content-background-meta":{"desktop":{"background-color":"var(--ast-global-color-4)","background-image":"","background-repeat":"repeat","background-position":"center center","background-size":"auto","background-attachment":"scroll","background-type":"","background-media":"","overlay-type":"","overlay-color":"","overlay-opacity":"","overlay-gradient":""},"tablet":{"background-color":"var(--ast-global-color-4)","background-image":"","background-repeat":"repeat","background-position":"center center","background-size":"auto","background-attachment":"scroll","background-type":"","background-media":"","overlay-type":"","overlay-color":"","overlay-opacity":"","overlay-gradient":""},"mobile":{"background-color":"var(--ast-global-color-4)","background-image":"","background-repeat":"repeat","background-position":"center center","background-size":"auto","background-attachment":"scroll","background-type":"","background-media":"","overlay-type":"","overlay-color":"","overlay-opacity":"","overlay-gradient":""}},"footnotes":""},"class_list":["post-70","page","type-page","status-publish","hentry"],"_links":{"self":[{"href":"https:\/\/heribert-bruegger.ch\/index.php\/wp-json\/wp\/v2\/pages\/70","targetHints":{"allow":["GET"]}}],"collection":[{"href":"https:\/\/heribert-bruegger.ch\/index.php\/wp-json\/wp\/v2\/pages"}],"about":[{"href":"https:\/\/heribert-bruegger.ch\/index.php\/wp-json\/wp\/v2\/types\/page"}],"author":[{"embeddable":true,"href":"https:\/\/heribert-bruegger.ch\/index.php\/wp-json\/wp\/v2\/users\/2"}],"replies":[{"embeddable":true,"href":"https:\/\/heribert-bruegger.ch\/index.php\/wp-json\/wp\/v2\/comments?post=70"}],"version-history":[{"count":6,"href":"https:\/\/heribert-bruegger.ch\/index.php\/wp-json\/wp\/v2\/pages\/70\/revisions"}],"predecessor-version":[{"id":587,"href":"https:\/\/heribert-bruegger.ch\/index.php\/wp-json\/wp\/v2\/pages\/70\/revisions\/587"}],"wp:attachment":[{"href":"https:\/\/heribert-bruegger.ch\/index.php\/wp-json\/wp\/v2\/media?parent=70"}],"curies":[{"name":"wp","href":"https:\/\/api.w.org\/{rel}","templated":true}]}}

<p>Seit ich denken konnte, male oder zeichne ich. Früher war ein weisses Blatt Papier für mich etwas sehr Kostbares, weil etwas Seltenes. Leider füllte ich es innert kürzester Zeit mit meinen Fantasiemännchen, Tieren usw… und das leere Blatt war weg.</p>



<p>Ab der ersten Klasse war Zeichnen mein Lieblingsfach.  Ich brauchte mir nur etwas vorzustellen und schon  wurde es auf dem Blatt festgehalten. Ich muss schon ziemlich gut gewesen sein, denn die meisten Lehrer fragten mich, ob sie die Zeichnung als Beispiel behalten dürfen.   Für einige schmückte ich während den Schulstunden ihre Arbeitsblätter mit Zeichnungen aus usw.. Das tönt jetzt vielleicht überheblich, aber für mich war zeichnen das normalste der Welt und jeder kann doch zeichnen. Später merkte ich, dass ich doch vielleicht talentierter als Andere bin.</p>



<p>Einmal fragten mich meine Eltern, was ich eigentlich werden wolle. Ich sagte Ihnen ganz schüchtern, am liebsten würde ich eine Kunstschule besuchen. Darauf antworteten Sie, von was ich den leben wolle… So war das Thema für mich vorerst gestorben und ich wählte den Beruf meines Vaters. Übrigens ist es vorteilhaft als Käser kreativ zu sein.</p>



<p>Ganz begraben konnte und wollte ich das Thema Kunst nicht. Ich wusste, dass ich irgendwann später, mich intensiv damit beschäftigen werde. Ich weiss nicht mehr wann das war, aber irgendwann sah ich eine Ausstellung von Van Gogh. Ich stand vor diesen Bildern und spürte die Kraft, die von Ihnen ausging. Ich realisierte, dass die Energie vom Maler in die Bilder übergegangen war.</p>



<p>Ich male, weil ich malen muss. Ich kann es nicht erklären, aber beim Malen verliere ich mich, die Zeit bleibt stehen und es fliesst wie von selbst. So sind schon viele Bilder entstanden und ich freue mich meine Werke ausstellen zu dürfen.</p>



<p></p>

<p>Seit ich denken konnte, male oder zeichne ich. Früher war ein weisses Blatt Papier für mich etwas sehr Kostbares, weil [&hellip;]</p>
